{"id":2394,"date":"2020-04-24T20:26:05","date_gmt":"2020-04-24T20:26:05","guid":{"rendered":"https:\/\/1institalastation.be\/?page_id=2394"},"modified":"2020-04-24T20:26:05","modified_gmt":"2020-04-24T20:26:05","slug":"activites-pratiques-simples","status":"publish","type":"page","link":"https:\/\/1institalastation.be\/?page_id=2394","title":{"rendered":"Activit\u00e9s pratiques \u00ab\u00a0simples\u00a0\u00bb"},"content":{"rendered":"\n<p>Activit\u00e9s pratiques \u00ab&nbsp;simples&nbsp;\u00bb<\/p>\n\n\n\n<p><strong>Pour qu&rsquo;une activit\u00e9 pratique simple soit efficace, il faut que celle-ci comporte qu&rsquo;un seul geste. &nbsp;<\/strong><\/p>\n\n\n\n<p>Les activit\u00e9s pratiques simples am\u00e8neront l&rsquo;enfant vers l&rsquo;ind\u00e9pendance.<\/p>\n\n\n\n<p><strong>En voici quelques exemples:<\/strong><\/p>\n\n\n\n<ul class=\"wp-block-list\"><li>\u00ab&nbsp;Se d\u00e9placer&nbsp;\u00bb&nbsp;:. Ne pas h\u00e9siter \u00e0 montrer en sc\u00e9nette dans la classe.<\/li><li>\u00ab&nbsp;S\u2019asseoir&nbsp;\u00bb<\/li><li>Ranger sa chaise: d\u00e9composer les gestes puis laisser l\u2019enfant faire.<\/li><li>D\u00e9rouler un tapis:<\/li><\/ul>\n\n\n\n<div class=\"wp-block-image\"><figure class=\"aligncenter\"><img loading=\"lazy\" decoding=\"async\" width=\"273\" height=\"300\" src=\"https:\/\/1institalastation.be\/wp-content\/uploads\/2019\/11\/IMG_2238-273x300.jpg\" alt=\"\" class=\"wp-image-1043\" srcset=\"https:\/\/1institalastation.be\/wp-content\/uploads\/2019\/11\/IMG_2238-273x300.jpg 273w, https:\/\/1institalastation.be\/wp-content\/uploads\/2019\/11\/IMG_2238.jpg 622w\" sizes=\"auto, (max-width: 273px) 100vw, 273px\" \/><\/figure><\/div>\n\n\n\n<ul class=\"wp-block-list\"><li>Ouvrir fermer des boites&nbsp;: on donne chaque fois l\u2019objectif (je vais te montrer comment ouvrir et fermer des boites&nbsp;\u00bb \u00e7a dirige l\u2019intelligence dans un sens.<\/li><li>Pince \u00e0 linge (3ans): En classe, nous avons install\u00e9 un petit coin avec une poup\u00e9e que les enfants peuvent habiller.. Ensuite ils peuvent accrocher les v\u00eatements sur l&rsquo;\u00e9tendoir. Pour les ranger sur les cintres dans la petite armoire.<\/li><\/ul>\n\n\n\n<div class=\"wp-block-image\"><figure class=\"aligncenter\"><img loading=\"lazy\" decoding=\"async\" width=\"255\" height=\"300\" src=\"https:\/\/1institalastation.be\/wp-content\/uploads\/2019\/11\/IMG_2227-255x300.jpg\" alt=\"\" class=\"wp-image-1044\" srcset=\"https:\/\/1institalastation.be\/wp-content\/uploads\/2019\/11\/IMG_2227-255x300.jpg 255w, https:\/\/1institalastation.be\/wp-content\/uploads\/2019\/11\/IMG_2227-768x905.jpg 768w, https:\/\/1institalastation.be\/wp-content\/uploads\/2019\/11\/IMG_2227.jpg 831w\" sizes=\"auto, (max-width: 255px) 100vw, 255px\" \/><\/figure><\/div>\n\n\n\n<ul class=\"wp-block-list\"><li>Ouvrir\/fermer des flacons<\/li><li>Ouvrir et fermer des cadenas<\/li><li>Visser et d\u00e9visser des boulons&nbsp;: dire \u00ab&nbsp;vis, c\u2019est une vis. Ecrou c\u2019est un \u00e9crou. Je vais te montrer comment visser et d\u00e9visser des boulons.\u00a0\u00bb<\/li><li>Tenir une cuill\u00e8re avec une main et puis l\u2019autre main.&nbsp;<\/li><li>Plier du papier (pr\u00e9pare \u00e0 l\u2019atelier origami)<ul><li>Plier en deux&nbsp;; en 4&nbsp;; en oblique<\/li><\/ul><\/li><\/ul>\n\n\n\n<div class=\"wp-block-image\"><figure class=\"aligncenter\"><img loading=\"lazy\" decoding=\"async\" width=\"223\" height=\"300\" src=\"https:\/\/1institalastation.be\/wp-content\/uploads\/2019\/11\/Capture-d\u2019\u00e9cran-2019-11-10-\u00e0-16.22.48-223x300.png\" alt=\"\" class=\"wp-image-1045\" srcset=\"https:\/\/1institalastation.be\/wp-content\/uploads\/2019\/11\/Capture-d\u2019\u00e9cran-2019-11-10-\u00e0-16.22.48-223x300.png 223w, https:\/\/1institalastation.be\/wp-content\/uploads\/2019\/11\/Capture-d\u2019\u00e9cran-2019-11-10-\u00e0-16.22.48.png 307w\" sizes=\"auto, (max-width: 223px) 100vw, 223px\" \/><\/figure><\/div>\n\n\n\n<p>.<\/p>\n\n\n\n<p>Voir site internet de Celine Alvarez avec<a href=\"https:\/\/www.dropbox.com\/sh\/xc0k2xzxizgc6lg\/AAAfuXFyJRZy4dR_J0vbvoama\/1.%20Maternelle\/Activit\u00e9s%20pratiques\/Plier%20du%20papier?dl=0&amp;subfolder_nav_tracking=1\"> les fiches imprimables.<\/a><\/p>\n\n\n\n<ul class=\"wp-block-list\"><li>Origami&nbsp;: exploitation des bases&nbsp;: Chien, grenouille&nbsp;<\/li><\/ul>\n\n\n\n<div class=\"wp-block-image\"><figure class=\"aligncenter\"><img loading=\"lazy\" decoding=\"async\" width=\"279\" height=\"300\" src=\"https:\/\/1institalastation.be\/wp-content\/uploads\/2019\/11\/Capture-d\u2019\u00e9cran-2019-11-11-\u00e0-21.10.00-279x300.png\" alt=\"\" class=\"wp-image-1046\"\/><\/figure><\/div>\n\n\n\n<ul class=\"wp-block-list\"><li>Presser une \u00e9ponge&nbsp;: les \u00e9tapes sont un ordre logique un peu exag\u00e9r\u00e9 mais qui va t\u2019int\u00e9resser. Apr\u00e8s \u00e7a c\u2019est faire la vaisselle.<\/li><\/ul>\n\n\n\n<div class=\"wp-block-image\"><figure class=\"aligncenter\"><img loading=\"lazy\" decoding=\"async\" width=\"270\" height=\"300\" src=\"https:\/\/1institalastation.be\/wp-content\/uploads\/2019\/11\/Capture-d\u2019\u00e9cran-2019-11-11-\u00e0-21.10.09-270x300.png\" alt=\"\" class=\"wp-image-1047\" srcset=\"https:\/\/1institalastation.be\/wp-content\/uploads\/2019\/11\/Capture-d\u2019\u00e9cran-2019-11-11-\u00e0-21.10.09-270x300.png 270w, https:\/\/1institalastation.be\/wp-content\/uploads\/2019\/11\/Capture-d\u2019\u00e9cran-2019-11-11-\u00e0-21.10.09.png 275w\" sizes=\"auto, (max-width: 270px) 100vw, 270px\" \/><\/figure><\/div>\n\n\n\n<ul class=\"wp-block-list\"><li>Balayer&nbsp;:<\/li><\/ul>\n\n\n\n<div class=\"wp-block-image\"><figure class=\"aligncenter\"><img loading=\"lazy\" decoding=\"async\" width=\"225\" height=\"300\" src=\"https:\/\/1institalastation.be\/wp-content\/uploads\/2019\/11\/Capture-d\u2019\u00e9cran-2019-11-11-\u00e0-21.10.15-225x300.png\" alt=\"\" class=\"wp-image-1048\" srcset=\"https:\/\/1institalastation.be\/wp-content\/uploads\/2019\/11\/Capture-d\u2019\u00e9cran-2019-11-11-\u00e0-21.10.15-225x300.png 225w, https:\/\/1institalastation.be\/wp-content\/uploads\/2019\/11\/Capture-d\u2019\u00e9cran-2019-11-11-\u00e0-21.10.15.png 226w\" sizes=\"auto, (max-width: 225px) 100vw, 225px\" \/><\/figure><\/div>\n\n\n\n<ul class=\"wp-block-list\"><li>Brosser un tapis&nbsp;: je leur montre comment faire.<\/li><li>D\u00e9couper&nbsp;:Dire \u00e0 l\u2019enfant je vais te montrer comment d\u00e9couper. Choisissez une bandelette du niveau de l\u2019enfant et prenez la m\u00eame. Invitez l\u2019enfant \u00e0 d\u00e9couper exactement sur le trait noir pour challenger. Invitez-le ensuite \u00e0 d\u00e9couper. La coupelle augmente la difficult\u00e9.<\/li><\/ul>\n\n\n\n<p>Les petits papiers \u00e0 d\u00e9couper sont sur <a href=\"https:\/\/www.dropbox.com\/sh\/xc0k2xzxizgc6lg\/AABNryCzQTEk6oAf8n5-b5bWa\/1.%20Maternelle\/Activit\u00e9s%20pratiques\/D\u00e9couper%20du%20papier?dl=0&amp;subfolder_nav_tracking=1\">le site de C\u00e9line Alvarez.<\/a><\/p>\n\n\n\n<ul class=\"wp-block-list\"><li>Verser des haricots .<\/li><li>S\u2019entrainer \u00e0 verser du sable sur le plateau reverser dans le pichet. Une cot\u00e9 puis l\u2019autre. Tenir la hanse et tenir dessous pour contr\u00f4ler le poids. C\u2019est un geste culturel. Apr\u00e8s le sable, il y a de l\u2019eau.&nbsp;<\/li><li>Verser un verre&nbsp;: \u00ab\u00a0je vais te montrer comment verser de l\u2019eau dans un verre.\u00a0\u00bb<\/li><\/ul>\n\n\n\n<div class=\"wp-block-image\"><figure class=\"aligncenter\"><img loading=\"lazy\" decoding=\"async\" width=\"252\" height=\"300\" src=\"https:\/\/1institalastation.be\/wp-content\/uploads\/2019\/11\/Capture-d\u2019\u00e9cran-2019-11-11-\u00e0-21.11.54-252x300.png\" alt=\"\" class=\"wp-image-1049\" srcset=\"https:\/\/1institalastation.be\/wp-content\/uploads\/2019\/11\/Capture-d\u2019\u00e9cran-2019-11-11-\u00e0-21.11.54-252x300.png 252w, https:\/\/1institalastation.be\/wp-content\/uploads\/2019\/11\/Capture-d\u2019\u00e9cran-2019-11-11-\u00e0-21.11.54.png 415w\" sizes=\"auto, (max-width: 252px) 100vw, 252px\" \/><\/figure><\/div>\n","protected":false},"excerpt":{"rendered":"<p>Activit\u00e9s pratiques \u00ab&nbsp;simples&nbsp;\u00bb Pour qu&rsquo;une activit\u00e9 pratique simple soit efficace, il faut que celle-ci comporte qu&rsquo;un seul geste. &nbsp; Les activit\u00e9s pratiques simples am\u00e8neront l&rsquo;enfant vers l&rsquo;ind\u00e9pendance. En voici quelques exemples: \u00ab&nbsp;Se d\u00e9placer&nbsp;\u00bb&nbsp;:. Ne pas h\u00e9siter \u00e0 montrer en sc\u00e9nette dans la classe. \u00ab&nbsp;S\u2019asseoir&nbsp;\u00bb Ranger sa chaise: d\u00e9composer les gestes puis laisser l\u2019enfant faire. D\u00e9rouler un tapis: Ouvrir fermer des boites&nbsp;: on donne chaque fois l\u2019objectif (je vais te montrer comment ouvrir et fermer des boites&nbsp;\u00bb \u00e7a dirige l\u2019intelligence dans un sens. Pince \u00e0 linge (3ans): En classe, nous avons install\u00e9 un petit coin avec une poup\u00e9e que les enfants peuvent habiller.. Ensuite ils peuvent accrocher les v\u00eatements sur l&rsquo;\u00e9tendoir. Pour les ranger sur les cintres dans la petite armoire. Ouvrir\/fermer des flacons Ouvrir et fermer des cadenas Visser et d\u00e9visser des boulons&nbsp;: dire \u00ab&nbsp;vis, c\u2019est une vis. Ecrou c\u2019est un \u00e9crou. Je vais te montrer comment visser et d\u00e9visser des boulons.\u00a0\u00bb Tenir une cuill\u00e8re avec une main et puis l\u2019autre main.&nbsp; Plier du papier (pr\u00e9pare \u00e0 l\u2019atelier origami) Plier en deux&nbsp;; en 4&nbsp;; en oblique . Voir site internet de Celine Alvarez avec les fiches imprimables. Origami&nbsp;: exploitation des bases&nbsp;: Chien, grenouille&nbsp; Presser une \u00e9ponge&nbsp;: les \u00e9tapes sont un ordre logique un peu exag\u00e9r\u00e9 mais qui va t\u2019int\u00e9resser. Apr\u00e8s \u00e7a c\u2019est faire la vaisselle. Balayer&nbsp;: Brosser un tapis&nbsp;: je leur montre comment faire. D\u00e9couper&nbsp;:Dire \u00e0 l\u2019enfant je vais te montrer comment d\u00e9couper. Choisissez une bandelette du niveau de l\u2019enfant et prenez la m\u00eame. Invitez l\u2019enfant \u00e0 d\u00e9couper exactement sur le trait noir pour challenger. Invitez-le ensuite \u00e0 d\u00e9couper. La coupelle augmente la difficult\u00e9. Les petits papiers \u00e0 d\u00e9couper sont sur le site de C\u00e9line Alvarez. Verser des haricots . S\u2019entrainer \u00e0 verser du sable sur le plateau reverser dans le pichet. Une cot\u00e9 puis l\u2019autre. Tenir la hanse et tenir dessous pour contr\u00f4ler le poids. C\u2019est un geste culturel. Apr\u00e8s le sable, il y a de l\u2019eau.&nbsp; Verser un verre&nbsp;: \u00ab\u00a0je vais te montrer comment verser de l\u2019eau dans un verre.\u00a0\u00bb<\/p>\n","protected":false},"author":1,"featured_media":0,"parent":0,"menu_order":0,"comment_status":"closed","ping_status":"closed","template":"","meta":{"footnotes":""},"class_list":["post-2394","page","type-page","status-publish","hentry"],"acf":[],"_links":{"self":[{"href":"https:\/\/1institalastation.be\/index.php?rest_route=\/wp\/v2\/pages\/2394","targetHints":{"allow":["GET"]}}],"collection":[{"href":"https:\/\/1institalastation.be\/index.php?rest_route=\/wp\/v2\/pages"}],"about":[{"href":"https:\/\/1institalastation.be\/index.php?rest_route=\/wp\/v2\/types\/page"}],"author":[{"embeddable":true,"href":"https:\/\/1institalastation.be\/index.php?rest_route=\/wp\/v2\/users\/1"}],"replies":[{"embeddable":true,"href":"https:\/\/1institalastation.be\/index.php?rest_route=%2Fwp%2Fv2%2Fcomments&post=2394"}],"version-history":[{"count":0,"href":"https:\/\/1institalastation.be\/index.php?rest_route=\/wp\/v2\/pages\/2394\/revisions"}],"wp:attachment":[{"href":"https:\/\/1institalastation.be\/index.php?rest_route=%2Fwp%2Fv2%2Fmedia&parent=2394"}],"curies":[{"name":"wp","href":"https:\/\/api.w.org\/{rel}","templated":true}]}}