{"id":1009,"date":"2019-11-11T16:10:26","date_gmt":"2019-11-11T16:10:26","guid":{"rendered":"http:\/\/1institalastation.be\/?page_id=1009"},"modified":"2021-09-11T19:31:37","modified_gmt":"2021-09-11T19:31:37","slug":"linstitutrice","status":"publish","type":"page","link":"https:\/\/1institalastation.be\/?page_id=1009","title":{"rendered":"L&rsquo;institutrice"},"content":{"rendered":"\n<p class=\"has-text-align-center\">Je suis enseignante dans une petite implantation de 3 classes.. J&rsquo;enseigne depuis 15 ans et j&rsquo;ai les 2\u00e8me-3\u00e8me maternelles depuis 9 ans&#8230;  Il y a 3 ans, j&rsquo;ai v\u00e9cu un grand tournant dans ma fa\u00e7on d&rsquo;enseigner&#8230; Apr\u00e8s de nombreuses lectures sur les neurosciences et la bienveillance, je me lance dans l&rsquo;accompagnement de C\u00e9line Alvarez que la ministre nous propose&#8230; Cet accompagnement m&rsquo;a permis de me lancer en pratique dans l&rsquo;autonomie de l&rsquo;enfant&#8230; J&rsquo;ai ajust\u00e9 ce que C\u00e9line Alvarez et les neurosciences proposent par rapport \u00e0 ma classe, \u00e0 notre environnement, \u00e0 nos attentes&#8230; Je vous partage la vie de ma classe, mes bons plans, mes lectures, mes activit\u00e9s&#8230; Je n&rsquo;ai pas la science infuse&#8230; Soyez indulgent&#8230; Et si vous trouvez des fautes d&rsquo;orthographe , n&rsquo;h\u00e9sitez pas \u00e0 me le signaler&#8230;<\/p>\n\n\n\n<h2 class=\"wp-block-heading\"><\/h2>\n\n\n\n<p>Je vous mets une petite vid\u00e9o que j&rsquo;ai r\u00e9alis\u00e9 pour de futures institutrices durant le confinement&#8230; Pourquoi, j&rsquo;ai chang\u00e9 ma pratique&#8230; Comment? Qu&rsquo;est ce que \u00e7a m&rsquo;a apport\u00e9? Je vous laisse d\u00e9couvrir&#8230; <\/p>\n\n\n\n<figure class=\"wp-block-embed is-type-video is-provider-vimeo wp-block-embed-vimeo wp-embed-aspect-4-3 wp-has-aspect-ratio\"><div class=\"wp-block-embed__wrapper\">\n<iframe loading=\"lazy\" title=\"Vers l&#039;autonomie 1institalastation 2\" src=\"https:\/\/player.vimeo.com\/video\/414296898?dnt=1&amp;app_id=122963&amp;h=48b2f21a9b\" width=\"960\" height=\"710\" frameborder=\"0\" allow=\"autoplay; fullscreen; picture-in-picture\" allowfullscreen><\/iframe>\n<\/div><\/figure>\n","protected":false},"excerpt":{"rendered":"<p>Je suis enseignante dans une petite implantation de 3 classes.. J&rsquo;enseigne depuis 15 ans et j&rsquo;ai les 2\u00e8me-3\u00e8me maternelles depuis 9 ans&#8230; Il y a 3 ans, j&rsquo;ai v\u00e9cu un grand tournant dans ma fa\u00e7on d&rsquo;enseigner&#8230; Apr\u00e8s de nombreuses lectures sur les neurosciences et la bienveillance, je me lance dans l&rsquo;accompagnement de C\u00e9line Alvarez que la ministre nous propose&#8230; Cet accompagnement m&rsquo;a permis de me lancer en pratique dans l&rsquo;autonomie de l&rsquo;enfant&#8230; J&rsquo;ai ajust\u00e9 ce que C\u00e9line Alvarez et les neurosciences proposent par rapport \u00e0 ma classe, \u00e0 notre environnement, \u00e0 nos attentes&#8230; Je vous partage la vie de ma classe, mes bons plans, mes lectures, mes activit\u00e9s&#8230; Je n&rsquo;ai pas la science infuse&#8230; Soyez indulgent&#8230; Et si vous trouvez des fautes d&rsquo;orthographe , n&rsquo;h\u00e9sitez pas \u00e0 me le signaler&#8230; Je vous mets une petite vid\u00e9o que j&rsquo;ai r\u00e9alis\u00e9 pour de futures institutrices durant le confinement&#8230; Pourquoi, j&rsquo;ai chang\u00e9 ma pratique&#8230; Comment? Qu&rsquo;est ce que \u00e7a m&rsquo;a apport\u00e9? Je vous laisse d\u00e9couvrir&#8230;<\/p>\n","protected":false},"author":1,"featured_media":990,"parent":0,"menu_order":-1,"comment_status":"closed","ping_status":"closed","template":"","meta":{"footnotes":""},"class_list":["post-1009","page","type-page","status-publish","has-post-thumbnail","hentry"],"acf":[],"_links":{"self":[{"href":"https:\/\/1institalastation.be\/index.php?rest_route=\/wp\/v2\/pages\/1009","targetHints":{"allow":["GET"]}}],"collection":[{"href":"https:\/\/1institalastation.be\/index.php?rest_route=\/wp\/v2\/pages"}],"about":[{"href":"https:\/\/1institalastation.be\/index.php?rest_route=\/wp\/v2\/types\/page"}],"author":[{"embeddable":true,"href":"https:\/\/1institalastation.be\/index.php?rest_route=\/wp\/v2\/users\/1"}],"replies":[{"embeddable":true,"href":"https:\/\/1institalastation.be\/index.php?rest_route=%2Fwp%2Fv2%2Fcomments&post=1009"}],"version-history":[{"count":0,"href":"https:\/\/1institalastation.be\/index.php?rest_route=\/wp\/v2\/pages\/1009\/revisions"}],"wp:featuredmedia":[{"embeddable":true,"href":"https:\/\/1institalastation.be\/index.php?rest_route=\/wp\/v2\/media\/990"}],"wp:attachment":[{"href":"https:\/\/1institalastation.be\/index.php?rest_route=%2Fwp%2Fv2%2Fmedia&parent=1009"}],"curies":[{"name":"wp","href":"https:\/\/api.w.org\/{rel}","templated":true}]}}